 What is the hundreds digit of f?
1
Suppose 0 = 18*d + 5826 - 966. Let i = d + 499. What is the units digit of i?
9
Let g = 6988 - 6803. What is the units digit of g?
5
Let i = -49 - -51. Suppose -1383 = -i*b - q, 0*b - 5*b - 2*q = -3455. What is the hundreds digit of b?
6
Suppose -219*w - 64764 = -345*w. What is the tens digit of w?
1
Suppose 12*d = 7*d - 2*i + 26067, -2*d = 4*i - 10414. What is the thousands digit of d?
5
Suppose -4*j + 12 = 0, -2*n - 1 - 6 = -5*j. Suppose -36 = 8*i - n. What is the tens digit of 16/(5/((-30)/i))?
2
What is the hundreds digit of 1249 + (-5 - (-14 - -6 - -1))?
2
Let x be (1796/8)/(1/(-2)). Let g = -180 - x. What is the tens digit of g?
6
Let m(u) = 2*u - 38. Let k be m(11). Let r = k - -23. Suppose -6*t - 101 = -r*t. What is the hundreds digit of t?
1
Suppose -2088 = -19*v + 7*v. Let p = 259 - v. What is the tens digit of p?
8
What is the thousands digit of ((-344403)/(-34) - 13)/((-4)/(-16))?
0
Let c = 24 + -3. Let r(s) = -12 - 10*s - c*s - 5*s - 4. What is the units digit of r(-3)?
2
Suppose 1368*r = 1357*r + 84502. What is the tens digit of r?
8
Let f = -294 + 305. What is the units digit of 6/33 + ((-3342)/f)/(-1)?
4
Let t be (-8)/10*55/11. What is the units digit of ((-3)/24*t)/(5/4440)?
4
Let k be -388*(110/(-20) - -6). Let x = 624 + -347. Let i = k + x. What is the units digit of i?
3
Suppose -p + 13 = -2*g, -2*p - 14 = -5*g - 42. Suppose -p*s = 12*s - 1596. What is the units digit of s?
6
Suppose -38 + 34 = -2*i. Suppose -y + 146 = y + i*h, 3*h - 146 = -2*y. Let u = y + -6. What is the tens digit of u?
6
Let i = 643 + -922. Let r = i + 791. What is the units digit of r?
2
Let w be ((-5)/2)/((-1)/(-2)). What is the tens digit of (-2)/w + 5248/80?
6
Suppose 66*x = 13*x. Suppose -4*o + 8 = 0, -4*f = 2*o - x*o - 2608. What is the tens digit of f?
5
Let s be (24/32)/(2 + (-69)/36). Suppose 195 = -s*l + 762. Suppose l*o - 501 = 60*o. What is the tens digit of o?
6
Let l be (5/2)/(180/3024). What is the hundreds digit of 16/(-12) - (-18032)/l?
4
Let n be 11/(1*(-3)/42). Let m = 339 + n. Suppose 2*k - 2*g = 102, 3*k - 7*g = -12*g + m. What is the tens digit of k?
5
Let i(y) = y**3 + 21*y**2 + 13*y + 53. Let q = 449 + -466. What is the hundreds digit of i(q)?
9
What is the ten thousands digit of -1 + 751190/14 + ((-9415)/245 - -39)?
5
Let y(l) = 16*l**3 - 15*l**2 - 4*l + 11. What is the hundreds digit of y(4)?
7
Suppose -347 = -3*f - k, 17*f + 359 = 20*f - 2*k. Let g = f + 398. What is the hundreds digit of g?
5
Suppose 2 = -7*z + 590. What is the units digit of (-4)/(z/9) + 6348/14?
3
Let s(z) be the first derivative of 59*z**4/24 - 2*z**3/3 + 2*z**2 + 11. Let l(a) be the second derivative of s(a). What is the hundreds digit of l(2)?
1
Suppose 0 = -4*i + 4*r + 744, 0*r = 4*i + 3*r - 758. Let v be 3 + (-3 - -7) + -1 + i. What is the tens digit of 9 + -13 - (v - 0)*-1?
9
Suppose 0 = 10*l + 1 - 111. Suppose -f + 197 = u, 0 = -4*u - 5 - l. What is the units digit of f?
1
Let h(g) = g**3 + 75*g**2 - 125*g - 287. What is the hundreds digit of h(-71)?
7
What is the thousands digit of 384/(-224) + 1895112/42?
5
Suppose 4*u + 0 = -8. Let a be (5/u)/((-2)/(-20)). Let h = 50 + a. What is the units digit of h?
5
Let c be (4*3865/(-10))/(0 - 2). Suppose -1030 = -4*d - 4*a + 3*a, c = 3*d + a. What is the tens digit of d?
5
Suppose -i + 6 = -3. Suppose -i*y + 251 + 550 = 0. Let u = 158 - y. What is the tens digit of u?
6
Suppose -30 = -25*r + 19*r. Suppose -10 = -r*b, 0 = -2*z - b + 2*b + 32. What is the tens digit of z?
1
Let k(h) = 54*h**2 + 2*h + 4. Let d be k(-3). Let y = -1939 + 1595. Let x = y + d. What is the units digit of x?
0
Let i(w) be the second derivative of 21*w**4 + 5*w**3/6 - 6*w**2 - 228*w. What is the hundreds digit of i(2)?
0
Suppose 2*i - 16 = -4*t, 4 = t + 2*i - 3. Suppose 160 = c + 3*f, -t*f - 836 = -c - 4*c. What is the tens digit of c?
6
Let s = -391 + 421. Let n(z) = -z**3 + 29*z**2 + 32*z + 100. What is the units digit of n(s)?
0
Let q = -667 + 367. Let j = q + 510. What is the tens digit of j?
1
Suppose 3*a + 409*x = 406*x + 86619, 3*x = 2*a - 57756. What is the hundreds digit of a?
8
Let y(c) = -2*c**2 - 78*c + 42. Let r be y(-33). Suppose 2*b - 503 = a, 5*b - 5*a - r = 817. What is the tens digit of b?
5
Let b(v) = v - 9 + 4*v - 4*v**2 + 5*v**2 - 6. Let s(l) = -l + 1. Let w(x) = b(x) + 6*s(x). What is the units digit of w(-7)?
7
Suppose -3331*g - 79532 = -3334*g + o, 0 = g - 2*o - 26499. What is the units digit of g?
3
Suppose -2*p = 3*u + 45 + 27, -2*p - u - 72 = 0. Let b = p + 38. What is the tens digit of (b - 0)/(2/64)?
6
Let r(k) = k**2 - 36*k - 16. Let o be r(10). Let a = o + 646. What is the hundreds digit of a?
3
Let h(g) be the third derivative of -335*g**4/24 - 9*g**3 - 4*g**2. What is the thousands digit of h(-5)?
1
Let c(l) = -16*l - 41. Let h be c(-4). Suppose 0 = 3*a - 2*w - 347, -2*w - h = 5*a - 580. What is the hundreds digit of a?
1
Suppose 2*y + 14772 = 3*w, 3*w - 5*y = w + 9870. What is the thousands digit of w?
4
Let f be -1 + 5/15 - 8/(-12). Suppose f = 4*i + 1076 - 5792. What is the tens digit of i?
7
Suppose 0 = 256*y - 240*y - 21792. Let f = 467 + y. What is the thousands digit of f?
1
Let y(d) = 55*d**3 - 2*d**2 + 23*d - 21. What is the thousands digit of y(5)?
6
Let s = 12908 + -9274. What is the hundreds digit of s?
6
What is the units digit of (-4)/(-34) + 144253149/5151?
5
Let v = -34 + -49. Let a = v + 88. What is the units digit of a?
5
Suppose 5*g - 16*g + 93940 = -g. What is the units digit of g?
4
Let c = 22724 + -439. What is the ten thousands digit of c?
2
Let y be -2 + (-9)/(-6)*4. Suppose -5*h = -h - y*g + 4, 0 = 4*h - g + 10. What is the tens digit of ((-452)/h)/2 + (-2)/(-3)?
7
Let h(s) = s**2 - 6*s - 7. Let c be h(6). Let o = 2 - c. What is the units digit of 84/(2*o/12)?
6
Suppose 2 = 4*g - 4*l - 10, 0 = -3*g - 2*l + 4. Suppose -b = j - 5*j + 9, -g*b + 2*j = 0. Suppose 136 = b*v + v. What is the units digit of v?
4
Suppose 8*l + 3 = 7*l. Let k(a) = -10 - a**3 + 20 - 14 + 4*a. What is the units digit of k(l)?
1
Suppose -2349*w = -2338*w - 198. Let a(t) = 28*t - 4. Let i be a(4). Suppose b - i = w. What is the units digit of b?
6
Let l(t) = 5646*t + 15 - 5647*t - 6. Let a(y) = 2*y + 3. Let h be a(-5). What is the units digit of l(h)?
6
Let m = -8772 + 15676. What is the tens digit of m?
0
Suppose -4*t - 26 = -17*t. Suppose -7*g = -0*g - t*g. Suppose g*y - 4*u - 128 = -y, 0 = 5*y + 2*u - 750. What is the hundreds digit of y?
1
Let j be -4 - (3 + -5 - 105). Suppose 0 = 3*o - j + 64. What is the tens digit of o?
1
Let j(m) = -12*m**3 + 43*m**2 + 21*m + 3. What is the tens digit of j(-8)?
3
Suppose b = -4*b + 570. Let m = b - 26. Let p = m + -55. What is the units digit of p?
3
Let p = 48893 + -34258. What is the units digit of p?
5
Suppose -35*c = -33*c - 114. Suppose -63*u + 468 = -c*u. What is the tens digit of u?
7
Let q = 20 - 17. Suppose -880 = -2*t - 5*y, 5*y - q*y = -2*t + 892. Suppose -n - 4*n = -t. What is the units digit of n?
0
Let i be (-810)/(-195) + (-4)/26. Let t(o) = 18*o**2 - 4*o + 9. What is the units digit of t(i)?
1
Let p(g) = g**3 + 18*g**2 - 11*g + 184. What is the tens digit of p(-19)?
3
Suppose 257*u - 6456500 = 157*u. What is the units digit of u?
5
Let c be 8 - (-689)/(-91) - (-97740)/(-14). What is the tens digit of 12/(-22) + c/(-33)?
1
Let r(q) = -q**2 + 8*q - 14. Let w be r(7). Let c(g) = -g - 3. Let i be c(w). Suppose d - i*t - 46 = 0, -4*d - d - t = -125. What is the units digit of d?
6
Let y be (-64841)/(-59) + -2 + -1. Suppose -y = -8*n + 1944. What is the hundreds digit of n?
3
Suppose 3*q = -5*w + 6291 + 3350, -q + 3*w + 3195 = 0. What is the tens digit of q?
0
Suppose 5*w - 5088 = -i, w - 3*i - 53 - 955 = 0. Let f = -600 + w. What is the units digit of f?
7
Suppose -78779 = -5*z + 3*o, -z + 3*o + 15742 = 7*o. What is the hundreds digit of z?
7
Let a(h) = 5125*h**2 + 21*h + 20. What is the units digit of a(3)?
8
Suppose 4*s - 83060 = 245*v - 249*v, -41514 = -2*v + 2*s. What is the units digit of v?
1
Let j be (-7)/(-1) - (3 - (-7 - -10)). Suppose -2361 = -j*p + 670. What is the hundreds digit of p?
4
Let t be 24/27*-3*-3. Let j(d) = 2*d**3 - 14*d**2 + 75*d - 6. What is the hundreds digit of j(t)?
7
Let g = 38161 - 257